 when 54 is divided by 30.
24
Calculate the remainder when 39 is divided by 13.
0
What is the remainder when 129 is divided by 57?
15
What is the remainder when 1237 is divided by 110?
27
What is the remainder when 924 is divided by 25?
24
Calculate the remainder when 403 is divided by 104.
91
Calculate the remainder when 430 is divided by 130.
40
Calculate the remainder when 2447 is divided by 144.
143
Calculate the remainder when 563 is divided by 293.
270
What is the remainder when 804 is divided by 409?
395
What is the remainder when 259 is divided by 145?
114
Calculate the remainder when 53 is divided by 27.
26
What is the remainder when 2554 is divided by 14?
6
What is the remainder when 11421 is divided by 293?
287
Calculate the remainder when 2206 is divided by 96.
94
Calculate the remainder when 3111 is divided by 130.
121
Calculate the remainder when 24 is divided by 9.
6
What is the remainder when 179 is divided by 19?
8
Calculate the remainder when 6689 is divided by 67.
56
Calculate the remainder when 214 is divided by 3.
1
What is the remainder when 943 is divided by 182?
33
Calculate the remainder when 5628 is divided by 13.
12
Calculate the remainder when 111 is divided by 32.
15
Calculate the remainder when 383 is divided by 189.
5
Calculate the remainder when 1377 is divided by 69.
66
What is the remainder when 492 is divided by 74?
48
Calculate the remainder when 505 is divided by 161.
22
What is the remainder when 68 is divided by 27?
14
What is the remainder when 521 is divided by 257?
7
What is the remainder when 1343 is divided by 12?
11
What is the remainder when 168 is divided by 5?
3
What is the remainder when 184 is divided by 44?
8
Calculate the remainder when 4876 is divided by 287.
284
What is the remainder when 5318 is divided by 140?
138
Calculate the remainder when 4859 is divided by 607.
3
Calculate the remainder when 848 is divided by 57.
50
What is the remainder when 541 is divided by 527?
14
Calculate the remainder when 315 is divided by 77.
7
What is the remainder when 155 is divided by 42?
29
Calculate the remainder when 424 is divided by 104.
8
Calculate the remainder when 191 is divided by 28.
23
Calculate the remainder when 400 is divided by 67.
65
Calculate the remainder when 291 is divided by 43.
33
What is the remainder when 1734 is divided by 7?
5
Calculate the remainder when 22221 is divided by 16.
13
Calculate the remainder when 916 is divided by 102.
100
What is the remainder when 459 is divided by 65?
4
Calculate the remainder when 611 is divided by 60.
11
What is the remainder when 119 is divided by 12?
11
Calculate the remainder when 473 is divided by 17.
14
Calculate the remainder when 546 is divided by 493.
53
Calculate the remainder when 227 is divided by 57.
56
Calculate the remainder when 4838 is divided by 255.
248
What is the remainder when 820 is divided by 766?
54
What is the remainder when 687 is divided by 5?
2
What is the remainder when 79 is divided by 12?
7
Calculate the remainder when 238 is divided by 3.
1
Calculate the remainder when 83 is divided by 5.
3
Calculate the remainder when 698 is divided by 10.
8
What is the remainder when 311 is divided by 119?
73
What is the remainder when 4862 is divided by 76?
74
What is the remainder when 15515 is divided by 388?
383
Calculate the remainder when 1235 is divided by 390.
65
Calculate the remainder when 570 is divided by 9.
3
What is the remainder when 2442 is divided by 2426?
16
What is the remainder when 8 is divided by 3?
2
What is the remainder when 1614 is divided by 268?
6
Calculate the remainder when 428 is divided by 40.
28
What is the remainder when 4596 is divided by 100?
96
What is the remainder when 70 is divided by 48?
22
What is the remainder when 393 is divided by 59?
39
Calculate the remainder when 125 is divided by 21.
20
What is the remainder when 810 is divided by 40?
10
Calculate the remainder when 1383 is divided by 63.
60
What is the remainder when 41 is divided by 22?
19
What is the remainder when 104 is divided by 8?
0
Calculate the remainder when 797 is divided by 38.
37
What is the remainder when 649 is divided by 4?
1
Calculate the remainder when 241 is divided by 169.
72
Calculate the remainder when 45 is divided by 25.
20
What is the remainder when 26349 is divided by 54?
51
Calculate the remainder when 8053 is divided by 19.
16
Calculate the remainder when 3569 is divided by 34.
33
What is the remainder when 464 is divided by 456?
8
What is the remainder when 898 is divided by 189?
142
Calculate the remainder when 2011 is divided by 593.
232
Calculate the remainder when 563 is divided by 113.
111
Calculate the remainder when 110 is divided by 17.
8
What is the remainder when 393 is divided by 81?
69
Calculate the remainder when 2975 is divided by 16.
15
Calculate the remainder when 23424 is divided by 221.
219
Calculate the remainder when 1241 is divided by 12.
5
Calculate the remainder when 182 is divided by 70.
42
What is the remainder when 66 is divided by 17?
15
Calculate the remainder when 1634 is divided by 803.
28
Calculate the remainder when 205 is divided by 21.
16
What is the remainder when 380 is divided by 24?
20
What is the remainder when 710 is divided by 252?
206
Calculate the remainder when 55 is divided by 11.
0
Calculate the remainder when 60 is divided by 27.
6
Calculate the remainder when 2649 is divided by 33.
9
What is the remainder when 1269 is divided by 68?
45
Calculate the remainder when 577 is divided by 142.
9
What is the remainder when 63 is divided by 11?
8
Calculate the remainder when 2159 is divided by 45.
44
Calculate the remainder when 114 is divided by 30.
24
What is the remainder when 474 is divided by 53?
50
Calculate the remainder when 3001 is divided by 31.
25
What is the remainder when 747 is divided by 91?
19
What is the remainder when 67 is divided by 14?
11
Calculate the remainder when 190 is divided by 39.
34
What is the remainder when 369 is divided by 345?
24
Calculate the remainder when 377 is divided by 104.
65
What is the remainder when 329 is divided by 105?
14
What is the remainder when 57 is divided by 14?
1
What is the remainder when 859 is divided by 59?
33
What is the remainder when 127 is divided by 59?
9
Calculate the remainder when 583 is divided by 73.
72
Calculate the remainder when 3735 is divided by 248.
15
What is the remainder when 5424 is divided by 81?
78
Calculate the remainder when 1187 is divided by 149.
144
Calculate the remainder when 247 is divided by 34.
9
Calculate the remainder when 2477 is divided by 80.
77
Calculate the remainder when 223 is divided by 14.
13
What is the remainder when 159 is divided by 47?
18
What is the remainder when 9921 is divided by 4?
1
What is the remainder when 407 is divided by 9?
2
What is the remainder when 919 is divided by 42?
37
Calculate the remainder when 236 is divided by 48.
44
What is the remainder when 892 is divided by 111?
4
What is the remainder when 1190 is divided by 46?
40
What is the remainder when 70 is divided by 21?
7
What is the remainder when 11 is divided by 6?
5
What is the remainder when 253 is divided by 17?
15
Calculate the remainder when 6815 is divided by 14.
11
Calculate the remainder when 126 is divided by 67.
59
What is the remainder when 376 is divided by 185?
6
What is the remainder when 321 is divided by 25?
21
Calculate the remainder when 132 is divided by 15.
12
What is the remainder when 10581 is divided by 196?
193
Calculate the remainder when 305 is divided by 81.
62
Calculate the remainder when 3885 is divided by 54.
51
Calculate the remainder when 190 is divided by 60.
10
What is the remainder when 120 is divided by 52?
16
Calculate the remainder when 523 is divided by 44.
39
What is the remainder when 317 is divided by 76?
13
What is the remainder when 253 is divided by 63?
1
Calculate the remainder when 108 is divided by 5.
3
Calculate the remainder when 2124 is divided by 112.
108
What is the remainder when 192 is divided by 114?
78
What is the remainder when 2149 is divided by 196?
189
Calculate the remainder when 78 is divided by 15.
3
Calculate the remainder when 737 is divided by 82.
81
What is the remainder when 225 is divided by 12?
9
Calcula